- z = 188. What is the units digit of g?
8
Let f = -20 - -55. What is the tens digit of f?
3
Let l = 11 + -24. Let r = l - -14. What is the units digit of r?
1
Let v be (-18)/(-8) - 15/(-20). What is the tens digit of (-6 - -30) + (1 - v)?
2
Let z = -53 + 132. What is the tens digit of z?
7
Let c = 13 + -8. Suppose 0 = -2*u + 2, -c*a = 5*u - 20 - 10. What is the units digit of a?
5
Suppose -12 - 2 = -2*t. What is the units digit of 2/t - (-180)/7?
6
Let a(q) = -q**2 - 7*q + 5. Let k be a(-7). Suppose -k*b + r + 43 = 0, b - 3*r + 5*r = 2. What is the units digit of b?
8
Let s = 38 - 6. What is the units digit of s?
2
Let f(n) = -13*n**3 + 2*n + 1. What is the units digit of f(-1)?
2
Suppose 5*o + 0*o = 25. Suppose -f + 61 = -4*n, 3*f + o*n = 44 + 71. Let l = f + -29. What is the units digit of l?
6
Let j(q) = q**2 + q. Let u be j(3). Let w be 1/(5/u)*5. Suppose -d + 0*d + w = 0. What is the tens digit of d?
1
Let v = 4 + 0. Suppose -8 = -k - 2. Let d = k + v. What is the units digit of d?
0
Suppose 3*u - 9 = 5*x, -x = 5*u - u - 12. Let a = 5 - u. Let y = 6 - a. What is the units digit of y?
4
Let q = 64 + 66. What is the hundreds digit of q?
1
Let g = -11 - -20. What is the units digit of g?
9
Suppose -6*t + 3*t + 129 = 0. What is the units digit of t?
3
Let g be 1/(-2)*-2*1. Let y(s) = s**3 + 9*s**2 + 8*s + 2. Let c be y(-8). What is the units digit of (c - (2 - g)) + 4?
5
Let z be -37 - (4 - 2)*-1. Let h = 53 + z. What is the tens digit of h?
1
What is the units digit of (2 - 1)/1*59?
9
Suppose -7*j + 12*j = 670. What is the tens digit of j?
3
Suppose 3*d = 4*u - 0 + 4, -d = u + 8. What is the units digit of ((-6)/(-9))/(u/(-6))?
1
Suppose 2*g = -3*g + 690. What is the hundreds digit of g?
1
Suppose 2*u + 1 = -3*x + 11, -5*u + 44 = -2*x. Suppose -4 - u = 4*a. What is the units digit of 2 + (-12)/(-2) + a?
5
Suppose 4*y = -u - 20, 26 = 2*u - 4*y + 6. Suppose -5*g + 30 = 4*c - 11, u = 2*g + 2*c - 16. What is the units digit of g/2*2/3?
3
Let o be ((-4)/(-8))/(-1)*-10. Suppose -o*d + 102 = -2*d. What is the tens digit of d?
3
Suppose -5*g = q - 143, 5*g - 3*q + q = 134. What is the units digit of g?
8
Let m(k) = -k - 5*k + 2 - k. What is the units digit of m(-1)?
9
Let b(d) = 3*d**3 + d**2 - 3*d + 2. What is the units digit of b(2)?
4
Let x(q) = q**2 + 2*q - 8. Let r(d) = -d**2 - 2*d + 9. Let i(c) = 2*r(c) + 3*x(c). What is the tens digit of i(4)?
1
Suppose 4 = -3*g + 7. Suppose 0 = -p + g + 3. What is the units digit of p?
4
What is the units digit of -2 - -1 - (55*-4 - -4)?
5
Suppose 5*s - 4*s = 16. Let y = s + 11. What is the tens digit of y?
2
What is the tens digit of 77/5 + (-48)/(-80)?
1
Let q(x) = x**3 + 6*x**2 + x + 8. Let p be q(-6). Suppose -p*h + 5*h + 6 = -4*n, -4*h = -2*n + 8. Let w = 4 + h. What is the units digit of w?
2
Let l be 1 + -1 + 4 + 0. Suppose -3*k + l*u = -9, 0*u + 3*u = 4*k - 12. What is the units digit of k?
3
Let t = 1 - 1. Let j = 4 + t. Suppose -c + 5 = j*c. What is the units digit of c?
1
Let b(m) be the first derivative of -m**4/4 - 4*m**3/3 - 3*m**2/2 + 2*m + 1. Let c be b(-3). What is the units digit of -1 + c + -2 + 2?
1
Let v be (4 - 1)*12/(-18). Let u(x) = -x + 1. Let h be u(v). Suppose 40 = h*w + 10. What is the units digit of w?
0
Suppose 4*a + k + 19 = -0*k, -2*a = -3*k - 1. Let j(d) = d**2 + d + 1. Let m(r) = -4*r**2 - 6*r + 2. Let c(l) = 3*j(l) + m(l). What is the units digit of c(a)?
1
Suppose 2*y - 25 = -3*y. Suppose 2*q = q - 3*o, -y*q + 3*o = -54. What is the units digit of q?
9
Let r(o) = o**3 - 2*o**2 + 2*o + 202. What is the units digit of r(0)?
2
Let h(r) = r**3 + 9*r**2 + 9*r + 5. What is the units digit of h(-6)?
9
Let f be 22/(1/6*4). Suppose 0 = -4*k + 31 + f. Suppose 0 = 2*p + j - 20, -p + k = p - j. What is the units digit of p?
9
Suppose -7 = -5*h + 13. Let u be (h/10)/(3/15). What is the units digit of 168/44 + u/11?
4
Let f = -103 - -144. What is the units digit of f?
1
Let m be (-1 + -4)*4/10. Let c be (3 - m)*3 - -1. Suppose -d - 36 = -0*z - 4*z, 4*d + c = 0. What is the units digit of z?
8
Suppose 3*o + 19 = 1. Let u(n) = -1. Let b(m) = -2*m - 5. Let k(l) = b(l) + u(l). What is the units digit of k(o)?
6
Let d(p) = -p**2 + 6*p + 4. Let m = -6 + 9. Suppose w = m + 3. What is the units digit of d(w)?
4
Let z(i) = 4*i + 6. Let o be z(5). Suppose s - 2*n - 5 = -3, 5*n - 4 = -2*s. Suppose 2*q = 2*f + s - o, 5*f = -2*q + 39. What is the units digit of f?
9
Suppose 0 = 2*c + 2*j - 82, -j + 208 = 5*c + j. What is the units digit of c?
2
Suppose -r = 2 - 3. Let w be ((-75)/5)/((-1)/r). Suppose -6*a + 3*a = -w. What is the units digit of a?
5
Suppose 132 - 436 = -4*j. What is the units digit of j?
6
Let x(m) = -32*m + 10. What is the hundreds digit of x(-5)?
1
Suppose -5*k + a + 140 = 0, 30 = -5*k + 3*a + 170. Suppose 4*x = -2*h + 54, -5*x - 9 = -3*h + k. What is the tens digit of h?
1
Suppose 4*v - 10 - 2 = 0. Suppose 0 = -2*u - v*u + 45. What is the units digit of u?
9
Let w = 4 - 0. Suppose -w*d + 50 = d. What is the tens digit of d?
1
Let t be (-4)/(-4)*(-2 + 2). Suppose 0 = -n - n + 2*b - 132, -4*b - 12 = t. What is the tens digit of 3/2 - n/6?
1
Suppose 0 = -2*x - 2*x - 2*z + 94, -5*x + 2*z + 140 = 0. Suppose 0 = 3*l + x - 101. What is the tens digit of l?
2
Let r(q) = -8*q - 24. What is the hundreds digit of r(-16)?
1
Let k = -7 - -2. What is the tens digit of (-3 - -1)*2*k?
2
Suppose -2*t + 24 = w, 2*t - 34 = 5*w - w. What is the tens digit of 1*t + 9/3?
1
Let x = 43 + -26. What is the units digit of x?
7
Suppose 3 = -r + 8. Suppose 0*s + 77 = r*s + b, -2*b + 19 = s. What is the units digit of s?
5
Let d(g) = g**3 + 11*g**2 + 14*g + 16. What is the tens digit of d(-9)?
5
Suppose 0 = 5*j - 23 - 2. Let t be -3 + j - 2*7. Let l = -5 - t. What is the units digit of l?
7
Let p(f) = -106*f**3 - f**2 - 4*f - 3. What is the units digit of p(-1)?
6
Suppose 2*k + n - 132 = 3*n, 0 = 4*k + n - 284. Let w = -49 + k. What is the units digit of w?
1
Let s(f) = f**3 + 6*f**2 + 5*f + 1. What is the units digit of s(-4)?
3
Suppose 124 = 3*g - 2*h, g - 6*g - 3*h = -194. Let p(o) = 16*o - 3. Let v be p(2). Let s = g - v. What is the tens digit of s?
1
Let c(h) = 4*h**2 + 15*h + 7. Let u(v) be the first derivative of 2*v**3/3 + 7*v**2/2 + 3*v + 3. Let q(w) = -4*c(w) + 9*u(w). What is the units digit of q(2)?
3
Suppose 0*g = -3*g - 2*k + 2, 3*g - 4 = -k. Suppose 5*h = -4*f + 9, 18 = 5*f + g*h + 2*h. What is the units digit of f?
6
What is the tens digit of (-460)/23*(-46)/4?
3
Let t = -33 + 68. What is the units digit of t?
5
Suppose 3*r + 513 - 1554 = 0. What is the hundreds digit of r?
3
Let x be (-3)/(3/(-4) + 0). Suppose -x*v = -32 + 8. What is the units digit of ((-15)/v)/(2/(-4))?
5
Suppose 3*o - 238 = -82. What is the tens digit of o?
5
Let m = -357 + 524. Suppose m = 5*o - 93. What is the units digit of o?
2
Let w(s) = 5*s + 1. What is the units digit of w(2)?
1
Let d(t) = t + 1. Let q be d(-1). Let f = q - -2. What is the units digit of f?
2
Suppose 0 = -5*g - 5*w - 150, 3*g + 147 = -2*g - 4*w. Let c = 38 + g. What is the tens digit of c?
1
Suppose 3*p - 6*a = -2*a + 382, 0 = -3*p - 4*a + 398. What is the tens digit of p?
3
Suppose 513 = 3*i - 5*x, i - 3*x - 172 = -x. What is the tens digit of i?
6
Suppose 4*m - p = 4, 0*m = 2*m - p. Suppose m*w + 2 = 12. Suppose 0 = w*z - 11 - 9. What is the units digit of z?
4
Let o(u) = u - 3. Let p be o(6). Suppose -40 - 2 = -2*y. Suppose -p*k + 0*k = -y. What is the units digit of k?
7
Let w(c) = 6*c**3 - 2*c**2 + 2*c - 1. Let f be w(1). Let y be (-4)/(-10) - (-3)/f. Let n = y - 0. What is the units digit of n?
1
Let i be (12/(-10))/(6/(-15)). Suppose 0 = 4*x - 3*t - 19, t = -2*x - i*x. What is the units digit of x?
1
Suppose 4*s - 7 - 85 = 0. Let i be s*(3/(-3) + 2). Suppose 31 = 2*j - 5*m, -4*j + 3*m + i = 6*m. What is the units digit of j?
8
Suppose -v + 4*v = 0. Let q(d) = d - 1. Let n be q(1). Suppose v = -n*y + y - 2. What is the units digit of y?
2
Suppose 0 = -m + 3*x + 15, 0*m + 2*m = x + 40. What is the units digit of m?
1
Let m = 11 - 21. Let i = m + 22. What is the tens digit of i?
1
Let x(u) = u**2 - 24*u + 75. What is the tens digit of x(32)?
3
Let f = 109 + 39. What is the units digit of f?
8
Let x = -3 + 3. Suppose 4*u + 5*v - 112 = x, -v